it of r?
5
Let y be (-304)/(-20) + 8/10. Let a = 77 + y. What is the units digit of a?
3
Let q(v) = -v**3 - 7*v**2 - 15*v - 33. Let o be q(-6). Let m(t) = t + 1 + 10 + 2*t - 3. What is the units digit of m(o)?
1
Let o(q) be the third derivative of -12*q**2 - 7/24*q**4 + 0*q + 0 - 25/6*q**3. What is the units digit of o(-9)?
8
Let f(a) = a**2 + a + 9. Let k be f(-8). Suppose 4*d - 5*q = 5*d + 52, 5*d + 125 = 2*q. Let x = d + k. What is the tens digit of x?
3
Suppose -2*h - 2*h = 20, -5*h + 245 = -5*j. Let q(c) = 3*c**2 - 19*c + 19. Let w be q(9). Let k = j + w. What is the units digit of k?
7
Suppose -7542 = -3*q + 3*p, 0 = q + 5*p - 4*p - 2504. What is the units digit of q?
9
Let c(s) = -178*s**2 - 6*s - 14. Let m be c(-2). What is the units digit of m/(-70)*(1 - 18/(-2))?
2
Let y(b) = 3*b**2 + 3*b**2 - 4*b - 5*b**2. Let t be y(-10). Let r = t - 53. What is the tens digit of r?
8
Let i(j) = -8*j + 5. Let s be i(-5). Suppose 7*k - s = 2*k. Suppose -20*l = -19*l - k. What is the units digit of l?
9
Suppose 4*i + 3*c + 6369 = 6*i, -12740 = -4*i + 4*c. Suppose 0 = f + 5*f - i. What is the hundreds digit of f?
5
What is the thousands digit of 6040/48*20 + (-10)/6?
2
Suppose -6*w + 3*w + 858 = 0. What is the tens digit of (w/66)/((-1)/(-129))?
5
What is the thousands digit of 17 - -10 - 20 - -10124?
0
Let v(h) = -2*h**3 + 49*h**2 - 28*h + 42. Let x be v(23). Let t = x + 361. What is the thousands digit of t?
1
Let j = 512 + -507. Suppose j*w + 396 = 3*c - 1, 3*c - 401 = w. What is the hundreds digit of c?
1
Let b be (-3 - 0)/(-3) + 0. Let z(q) = -q**2 + 3*q + 2. Let y be z(3). What is the units digit of 79 - (-8)/(y/b)?
3
Let f(m) = 14*m - 21. Let t(v) = -15*v + 20. Let w(z) = 5*f(z) + 4*t(z). Suppose n + 3*d = -3, -3*n - 3*d + 24 = -5*d. What is the tens digit of w(n)?
3
Suppose -2*n = 3*n - z + 8, -4*n - 4 = -2*z. What is the units digit of ((-75)/(-45))/(n/(-348))?
0
Suppose -5*p = 4*n + n - 55, 0 = -4*n + 4*p + 4. Suppose -5*l + f = -19, -1 + n = 5*f. Suppose -l*g + 91 = 3*d, 0 = -2*d + 6*d - 4. What is the tens digit of g?
2
Let m(o) = 5*o + 68. Let j be m(-11). Let k(l) = l**3 - 11*l**2 + 8*l + 10. What is the hundreds digit of k(j)?
4
Let c = -10 + 13. Suppose i + c = 2*i. Suppose 4*v - 92 = -i*x - 7, 69 = 3*v - 3*x. What is the units digit of v?
2
Suppose -236*h + 232*h = -k - 124490, -10*h + 311228 = -k. What is the hundreds digit of h?
1
Let z = 416 - 414. Let j(k) = 276*k + 17. What is the tens digit of j(z)?
6
Let q(h) = -12801*h - 1523. What is the units digit of q(-3)?
0
Suppose -78*k = 92*k - 3060. Let v = -102 + 158. What is the hundreds digit of (v/3)/(2/k)?
1
Suppose -1484 + 1516 = -4*c. What is the units digit of (-2)/c + 77473/44?
1
Let w(o) = -3*o**2 + 60*o + 54. Let q(d) = -2*d**2 + 40*d + 36. Let v(x) = -7*q(x) + 5*w(x). What is the units digit of v(17)?
9
What is the thousands digit of (-2810943)/(-108) - (-15)/(-12)?
6
Let m(k) = -11*k + 15. Let i be m(-9). Suppose 149 = t - q, 3*t - 4*q = i + 332. Suppose -146*r - 272 = -t*r. What is the tens digit of r?
6
Let f = -204 - -209. Suppose m - f*q = 253, 0*m + 506 = 2*m - 3*q. What is the units digit of m?
3
Let k(m) = 142*m**2 - 4*m + 4. Let h be k(2). Suppose -5*d + 0*d = 5*w - 940, -3*w - 4*d = -h. Suppose -4*v - 40 = -w. What is the tens digit of v?
3
Let p be (62/4 + -2)*2. Let t = p + -25. Suppose 0 = -2*k + 3*o + 207, 7*k - 490 = t*k + 2*o. What is the units digit of k?
6
Suppose -17 = -5*o - 5*r + 113, 0 = o - 2*r - 20. What is the tens digit of (o/(-10))/((-4)/(-8 - -48))?
2
What is the hundreds digit of (-49)/(-441) + (-1 - (-72790)/18)?
0
Let c be 9*(3 + 0)/9. Let h(n) = 2*n**c - 2*n**3 + 10*n**2 + n**3 - 7*n - 5. What is the units digit of h(-10)?
5
Let b be -4 - (4 - 2 - 13). Suppose 0 = -5*g + b*g - 130. What is the units digit of g/9 + (-10)/45?
7
Let m(t) = -5*t**3 - 4*t**2 - 20*t - 2. Let a be m(-6). Suppose -q = 4*j - 2540 + a, 0 = 2*q + 3*j - 2992. What is the tens digit of q?
0
Let k = -2825 - -4142. What is the tens digit of k?
1
Suppose r = 16*w - 17*w + 2348, -w - 19*r = -2348. What is the thousands digit of w?
2
Let d(i) = -2*i**2 + 10. Let n be d(6). Let r = 66 + n. Suppose -3*b - 2 = -11, 2*k + r*b = 146. What is the units digit of k?
7
Suppose 40*d - 43*d + 2*f - 3701 = 0, -3*d - 3713 = -5*f. Let h = -151 - d. What is the hundreds digit of h?
0
Let m(n) = -1781*n + 2345. What is the hundreds digit of m(-6)?
0
Let t = 1570 - -517. What is the hundreds digit of t?
0
Suppose 36*v - 38*v = 2*f - 13828, -4*f + 27650 = 2*v. What is the units digit of f?
1
Let s(u) = 493*u**2 + 22*u + 118. What is the tens digit of s(-6)?
3
Let z(c) = 14*c + 9*c - 63 + 6*c**2 + 44. What is the tens digit of z(-10)?
5
Suppose 5*g - 2*g - 17908 = -6511. What is the units digit of g?
9
Let m(q) = q**2 - 16*q - 77. Let x be m(20). What is the tens digit of 3*(-865)/(-60) + x/(-12)?
4
Suppose 2*x + 5*q = 6, -2*q - 2*q - 12 = -4*x. Suppose 0 = -z - x + 5. Suppose z*i = -i + 111. What is the tens digit of i?
3
What is the hundreds digit of 1218/(-116)*(-38 + 0)?
3
Suppose 10 = -2*h - 4*g, -6 = h + 3*g + 2. Let t = h - -13. Suppose 41 = b + t. What is the tens digit of b?
2
Suppose 5*j = 21792 - 2192. Suppose 0 = -11*a - 9*a + j. What is the tens digit of a?
9
Let q(b) = -2*b**2 + 10*b - 4. Let t be q(4). Suppose -x - a = -2, t*x - 3 = -3*a + 7. Suppose 88 = x*j - 60. What is the tens digit of j?
3
Suppose -6*g + 13*g - 79187 = 40737. What is the ten thousands digit of g?
1
Let y(a) be the second derivative of -19*a + 5/2*a**2 + 0 + 1/20*a**5 - 5/12*a**4 + 1/6*a**3. What is the tens digit of y(6)?
4
Let p be (45/(-6))/15 + (-7)/2. Let d be ((3 + p)*-1)/1 + 17. Suppose 23*a - d*a = 415. What is the tens digit of a?
8
Let i(d) = -18*d + 8. Let c be i(-4). Let z = -101 + c. Let t = 113 + z. What is the tens digit of t?
9
Let y be (-1216)/(-8) - (-3 - 1/1). What is the tens digit of (y/10)/(12/60)?
7
Let m(c) = 6*c + 508. Suppose -187*o + 186*o = 0. What is the hundreds digit of m(o)?
5
Let c(j) = -6*j + 13. Let p be c(14). Let t = p - -98. What is the tens digit of ((-3012)/t)/(-2) + (-4)/(-18)?
5
Let j be 1*-5*-1*(-3 - -2). Let v be (3 - (j - -2))*(-18)/(-4). Suppose -823 = -5*p + v. What is the hundreds digit of p?
1
Suppose 0 = 5*k - 5*a - 15460, 17*a = 19*a - 12. What is the thousands digit of k?
3
Let n be (2/6)/(-1 - 1360/(-1356)). Let i = n + 107. What is the hundreds digit of i?
2
Let o(i) = -18*i + 10 - 4 + 246*i + 13. What is the tens digit of o(2)?
7
Let t = 14936 + 3467. What is the units digit of t?
3
Let h(j) = -11*j + 68. Let q be h(6). Suppose 5*x - q*u - 547 = 308, 0 = 5*u - 25. What is the tens digit of x?
7
Let k = 6369 - -8353. What is the units digit of k?
2
Suppose -35*d - 716999 = -141*d + 3033175. What is the tens digit of d?
7
Suppose -5*i + 192140 = 5*k, -5*k - 194495 = -4*i - 40837. What is the tens digit of i?
2
Let y(q) = -299*q**3 + 6*q**2 + 4. Let f(u) = 100*u**3 - 2*u**2 - 1. Let n(o) = -7*f(o) - 2*y(o). Let i be n(-1). Let d = 198 - i. What is the units digit of d?
5
Suppose -79*b = -81 - 235. Suppose 2 = w + 4*a, 0*a = -5*a - 15. Suppose b*s - 162 = -2*k, -k + 82 = -3*s - w. What is the units digit of k?
7
Let y be 2/(-4) - -13*2/(-4). Let a(w) = -w - 3. Let b be a(y). Suppose b*h - 2*v - 235 - 153 = 0, 79 = h + 4*v. What is the units digit of h?
5
Let y = 24 + -24. Suppose -5*x - 261 + 51 = y. What is the units digit of (27/2)/((-7)/x)?
1
Let y be 79 - (-13 - (3 + -9)). Suppose -y*q - 7330 = -96*q. What is the tens digit of q?
3
Let w(t) = -3*t - 1. Let d be w(-5). Let f be d/49 - 33/(-7). Suppose 0 = s + f*y - 89, -3*y + y = 5*s - 330. What is the tens digit of s?
6
Suppose 21 + 15 = 4*b. What is the thousands digit of (-7 - (0 - b)) + 1006?
1
Let y(r) = 2*r**3 + 12*r**2 + r + 24. Let z be y(-10). What is the tens digit of (-332)/83 - (z/(-2))/(-1)?
8
Let s be (-35)/21 + 6664/6. Let u = s + -198. What is the tens digit of u?
1
Let m = -32092 + 74960. What is the ten thousands digit of m?
4
Let s(h) = h**3 - 7*h**2 + h - 29. Let u be s(17). Let t = u + -1980. What is the tens digit of t?
9
Let g(u) be the second derivative of u**5/20 - 5*u**4/2 + 37*u**3/6 - 10*u**2 + 266*u. What is the units digit of g(30)?
0
Let w be 32/(-64) - (-5)/(-4)*-2. Sup